{"id":8116,"date":"2025-07-16T11:05:43","date_gmt":"2025-07-16T14:05:43","guid":{"rendered":"https:\/\/epre.gov.ar\/web\/?page_id=8116"},"modified":"2025-07-16T11:07:32","modified_gmt":"2025-07-16T14:07:32","slug":"aplicaciones","status":"publish","type":"page","link":"https:\/\/epre.gov.ar\/web\/aplicaciones\/","title":{"rendered":"Aplicaciones"},"content":{"rendered":"\n<p>Secci\u00f3n en reparaciones.<\/p>\n\n\n\n<p>A la brevedad se restablecer\u00e1 el acceso a las aplicaciones de esta secci\u00f3n.<\/p>\n","protected":false},"excerpt":{"rendered":"<p>Secci\u00f3n en reparaciones. A la brevedad se restablecer\u00e1 el acceso a las aplicaciones de esta secci\u00f3n.<\/p>\n","protected":false},"author":1,"featured_media":0,"parent":0,"menu_order":0,"comment_status":"closed","ping_status":"closed","template":"","meta":{"footnotes":""},"class_list":["post-8116","page","type-page","status-publish","hentry"],"_links":{"self":[{"href":"https:\/\/epre.gov.ar\/web\/wp-json\/wp\/v2\/pages\/8116","targetHints":{"allow":["GET"]}}],"collection":[{"href":"https:\/\/epre.gov.ar\/web\/wp-json\/wp\/v2\/pages"}],"about":[{"href":"https:\/\/epre.gov.ar\/web\/wp-json\/wp\/v2\/types\/page"}],"author":[{"embeddable":true,"href":"https:\/\/epre.gov.ar\/web\/wp-json\/wp\/v2\/users\/1"}],"replies":[{"embeddable":true,"href":"https:\/\/epre.gov.ar\/web\/wp-json\/wp\/v2\/comments?post=8116"}],"version-history":[{"count":4,"href":"https:\/\/epre.gov.ar\/web\/wp-json\/wp\/v2\/pages\/8116\/revisions"}],"predecessor-version":[{"id":8120,"href":"https:\/\/epre.gov.ar\/web\/wp-json\/wp\/v2\/pages\/8116\/revisions\/8120"}],"wp:attachment":[{"href":"https:\/\/epre.gov.ar\/web\/wp-json\/wp\/v2\/media?parent=8116"}],"curies":[{"name":"wp","href":"https:\/\/api.w.org\/{rel}","templated":true}]}}