{"id":118,"date":"2007-01-01T14:21:19","date_gmt":"2007-01-01T14:21:19","guid":{"rendered":"http:\/\/epre.gov.ar\/web\/?page_id=118"},"modified":"2024-02-02T17:36:59","modified_gmt":"2024-02-02T14:36:59","slug":"autoridad-de-aplicacion","status":"publish","type":"page","link":"https:\/\/epre.gov.ar\/web\/autoridad-de-aplicacion\/","title":{"rendered":"Autoridad de aplicaci\u00f3n"},"content":{"rendered":"<h3 style=\"text-align: justify;\">ARTICULO 10\u00b0: AUTORIDAD DE APLICACI\u00d3N<\/h3>\n<p style=\"text-align: justify;\">La Autoridad de Aplicaci\u00f3n ser\u00e1 el Ente Provincial Regulador de la Energ\u00eda (EPRE). El usuario tendr\u00e1 derecho a dirigirse a la Autoridad de Aplicaci\u00f3n siempre que luego de recurrir a LA DISTRIBUIDORA, \u00e9sta no diera satisfacci\u00f3n a su reclamo.<\/p>\n","protected":false},"excerpt":{"rendered":"<p>ARTICULO 10\u00b0: AUTORIDAD DE APLICACI\u00d3N La Autoridad de Aplicaci\u00f3n ser\u00e1 el Ente Provincial Regulador de la Energ\u00eda (EPRE). El usuario tendr\u00e1 derecho a dirigirse a la Autoridad de Aplicaci\u00f3n siempre que luego de recurrir a LA DISTRIBUIDORA, \u00e9sta no diera satisfacci\u00f3n a su reclamo.<\/p>\n","protected":false},"author":1,"featured_media":0,"parent":0,"menu_order":0,"comment_status":"closed","ping_status":"closed","template":"","meta":{"footnotes":""},"class_list":["post-118","page","type-page","status-publish","hentry"],"_links":{"self":[{"href":"https:\/\/epre.gov.ar\/web\/wp-json\/wp\/v2\/pages\/118","targetHints":{"allow":["GET"]}}],"collection":[{"href":"https:\/\/epre.gov.ar\/web\/wp-json\/wp\/v2\/pages"}],"about":[{"href":"https:\/\/epre.gov.ar\/web\/wp-json\/wp\/v2\/types\/page"}],"author":[{"embeddable":true,"href":"https:\/\/epre.gov.ar\/web\/wp-json\/wp\/v2\/users\/1"}],"replies":[{"embeddable":true,"href":"https:\/\/epre.gov.ar\/web\/wp-json\/wp\/v2\/comments?post=118"}],"version-history":[{"count":1,"href":"https:\/\/epre.gov.ar\/web\/wp-json\/wp\/v2\/pages\/118\/revisions"}],"predecessor-version":[{"id":119,"href":"https:\/\/epre.gov.ar\/web\/wp-json\/wp\/v2\/pages\/118\/revisions\/119"}],"wp:attachment":[{"href":"https:\/\/epre.gov.ar\/web\/wp-json\/wp\/v2\/media?parent=118"}],"curies":[{"name":"wp","href":"https:\/\/api.w.org\/{rel}","templated":true}]}}