{"id":1074,"date":"2015-03-25T01:40:35","date_gmt":"2015-03-25T01:40:35","guid":{"rendered":"http:\/\/epre.gov.ar\/web\/?page_id=1074"},"modified":"2024-02-02T17:39:26","modified_gmt":"2024-02-02T14:39:26","slug":"ayuda-de-aplicativos","status":"publish","type":"page","link":"https:\/\/epre.gov.ar\/web\/ayuda-de-aplicativos\/","title":{"rendered":"Ayuda de aplicativos"},"content":{"rendered":"<h1>Control y certificaci\u00f3n de acometidas el\u00e9ctricas.<\/h1>\n<h2>Profesionales con competencia.<\/h2>\n<p>Se considera profesional con competencia a todo egresado de escuelas de educaci\u00f3n t\u00e9cnica o profesional universitario, cuyo t\u00edtulo habilitante demuestre incumbencias en la actividad el\u00e9ctrica.<\/p>\n<p>Para desarrollar la tarea de control y certificaci\u00f3n de instalaciones de acometida el\u00e9ctrica, como primer paso debe dirigirse al respectivo Colegio Profesional, para que \u00e9ste verifique la competencia de su t\u00edtulo.<\/p>\n<p>Como orientaci\u00f3n los Colegios Profesionales son:<\/p>\n\n<table id=\"tablepress-37\" class=\"tablepress tablepress-id-37\">\n<thead>\n<tr class=\"row-1\">\n\t<th class=\"column-1\"><strong>Colegio<\/strong><\/th><th class=\"column-2\"><strong>Direcci\u00f3n en Paran\u00e1<\/strong><\/th><th class=\"column-3\"><strong>Tel\u00e9fonos<\/strong><\/th><th class=\"column-4\"><strong>P\u00e1gina web<\/strong><\/th>\n<\/tr>\n<\/thead>\n<tbody class=\"row-striping row-hover\">\n<tr class=\"row-2\">\n\t<td class=\"column-1\">Colegio Profesional de Maestros Mayores de Obra y T\u00e9cnicos de Entre R\u00edos - COPMMOTER<\/td><td class=\"column-2\">Espa\u00f1a 489<\/td><td class=\"column-3\">0343 4233340 \u2013 4314695<\/td><td class=\"column-4\">www.copmmoter.org.ar<\/td>\n<\/tr>\n<tr class=\"row-3\">\n\t<td class=\"column-1\">Colegio de Ingenieros Especialistas de Entre R\u00edos - CIEER)<\/td><td class=\"column-2\">Espa\u00f1a 281<\/td><td class=\"column-3\">0343 4233339 - 4218874<\/td><td class=\"column-4\">www.cieer.org.ar<\/td>\n<\/tr>\n<tr class=\"row-4\">\n\t<td class=\"column-1\">Colegio de Profesionales de la  Ingenier\u00eda Civil de la Provincia de Entre R\u00edos (CPICER)<\/td><td class=\"column-2\">Espa\u00f1a 279<\/td><td class=\"column-3\">0343 4317867 -  4318361<\/td><td class=\"column-4\">www.cpicer.org.ar<\/td>\n<\/tr>\n<tr class=\"row-5\">\n\t<td class=\"column-1\">Colegio de Arquitectos de la Provincia de Entre R\u00edos (CAPER)<\/td><td class=\"column-2\">Libertad 149<\/td><td class=\"column-3\">0343 4316542<\/td><td class=\"column-4\">www.colegioarquitectos.org.ar<\/td>\n<\/tr>\n<\/tbody>\n<\/table>\n<!-- #tablepress-37 from cache -->\n<p>De verificarse la aptitud del t\u00edtulo habilitante, el interesado solicitar\u00e1 su matriculaci\u00f3n. Cuando realiza la gesti\u00f3n debe solicitar su inclusi\u00f3n en el Registro de Instaladores Electricistas Provincial (RIEP).<\/p>\n<h2>Registro de Instaladores Electricistas Provincial (RIEP).<\/h2>\n<p>El RIEP es el sistema de registro de los instaladores habilitados para la certificaci\u00f3n de acometidas el\u00e9ctricas.<\/p>\n<p>Esta aplicaci\u00f3n fue creada y es mantenida por personal del EPRE.<\/p>\n<p>La informaci\u00f3n de actualizaci\u00f3n permanente, altas bajas y modificaciones, es aportada por los Colegios Profesionales. El resultado del listado de los profesionales habilitados se muestra en la p\u00e1gina Web del EPRE www.epre.gov.ar \u00bb Instaladores.<\/p>\n<h2>Sistema de Emisi\u00f3n de Certificados de Conexi\u00f3n (SECC).<\/h2>\n<p>Si el profesional matriculado ha completado la gesti\u00f3n de su matriculaci\u00f3n, \u00e9ste puede verificarla en el listado del RIEP en la p\u00e1gina Web del EPRE www.epre.gov.ar \u00bb Instaladores. Si figura, es porque est\u00e1 registrado.<\/p>\n<p>Una vez registrado en el RIEP, el profesional matriculado est\u00e1 en condiciones de gestionar su ingreso por primera vez al SECC, a trav\u00e9s del m\u00f3dulo de autogesti\u00f3n de claves.<\/p>\n<p>Para registrarse en el SECC, debe el matriculado ingresar a la p\u00e1gina Web del EPRE www.epre.gov.ar \u00bb Certificados y accionar el link \u00bb crear cuenta, completando los datos que el sistema le vaya requiriendo.<\/p>\n<p>Tener la precauci\u00f3n de guardar en lugar seguro el nombre de usuario y clave de acceso al sistema.<\/p>\n<h2>Generaci\u00f3n de Certificados de Conexi\u00f3n.<\/h2>\n<p>Una vez registrado en el SECC, si el matriculado necesita ingresar para consultar o confeccionar certificados debe ingresar en la p\u00e1gina Web del EPRE www.epre.gov.ar \u00bb Certificados y completar los datos Nombre de Usuario y Clave.<\/p>\n<p>Una vez dentro del sistema, en el men\u00fa correspondiente seleccionar el bot\u00f3n que permita realizar la tarea interesada.<\/p>\n<p>Cuando se genera un Certificado, el documento del Certificado se confecciona imprimiendo el archivo PDF generado por el sistema.<\/p>\n<p>Si el matriculado quiere descargar el certificado en su equipo PC, deber\u00e1 seleccionarlo desde el Administrador de Certificados y descargarlo.<\/p>\n<h2>Recupero de claves de ingreso al SECC<\/h2>\n<p>Si por alguna raz\u00f3n el matriculado ha extraviado los datos de acceso al SECC, debe enviar a su Colegio Profesional una solicitud de recupero de nombre de usuario y clave de acceso al SECC v\u00eda email.<\/p>\n<p>Una vez recibida la solicitud, el respectivo Colegio Profesional reenv\u00eda el email al EPRE para su gesti\u00f3n.<\/p>\n<p>El EPRE generar\u00e1 una nueva clave de acceso y enviar\u00e1 lo requerido a la direcci\u00f3n de email del matriculado.<\/p>\n","protected":false},"excerpt":{"rendered":"<p>Control y certificaci\u00f3n de acometidas el\u00e9ctricas. Profesionales con competencia. Se considera profesional con competencia a todo egresado de escuelas de educaci\u00f3n t\u00e9cnica o profesional universitario, cuyo t\u00edtulo habilitante demuestre incumbencias en la actividad el\u00e9ctrica. Para desarrollar la tarea de control y certificaci\u00f3n de instalaciones de acometida el\u00e9ctrica, como primer paso debe dirigirse al respectivo Colegio [&hellip;]<\/p>\n","protected":false},"author":1,"featured_media":0,"parent":0,"menu_order":0,"comment_status":"closed","ping_status":"closed","template":"","meta":{"footnotes":""},"class_list":["post-1074","page","type-page","status-publish","hentry"],"_links":{"self":[{"href":"https:\/\/epre.gov.ar\/web\/wp-json\/wp\/v2\/pages\/1074","targetHints":{"allow":["GET"]}}],"collection":[{"href":"https:\/\/epre.gov.ar\/web\/wp-json\/wp\/v2\/pages"}],"about":[{"href":"https:\/\/epre.gov.ar\/web\/wp-json\/wp\/v2\/types\/page"}],"author":[{"embeddable":true,"href":"https:\/\/epre.gov.ar\/web\/wp-json\/wp\/v2\/users\/1"}],"replies":[{"embeddable":true,"href":"https:\/\/epre.gov.ar\/web\/wp-json\/wp\/v2\/comments?post=1074"}],"version-history":[{"count":2,"href":"https:\/\/epre.gov.ar\/web\/wp-json\/wp\/v2\/pages\/1074\/revisions"}],"predecessor-version":[{"id":1078,"href":"https:\/\/epre.gov.ar\/web\/wp-json\/wp\/v2\/pages\/1074\/revisions\/1078"}],"wp:attachment":[{"href":"https:\/\/epre.gov.ar\/web\/wp-json\/wp\/v2\/media?parent=1074"}],"curies":[{"name":"wp","href":"https:\/\/api.w.org\/{rel}","templated":true}]}}